{"id":1026,"date":"2020-04-22T19:28:10","date_gmt":"2020-04-22T17:28:10","guid":{"rendered":"https:\/\/palextrafoggia.com\/iomiallenoacasa\/?post_type=product&#038;p=1026"},"modified":"2020-07-14T19:13:42","modified_gmt":"2020-07-14T17:13:42","slug":"hatha-yoga","status":"publish","type":"product","link":"https:\/\/palextrafoggia.com\/iomiallenoacasa\/corso\/hatha-yoga\/","title":{"rendered":"Hatha Yoga"},"content":{"rendered":"","protected":false},"excerpt":{"rendered":"<p>\u00c9 l&#8217;approccio allo yoga che si <strong>concentra sulla distensione dei nervi<\/strong>, della <strong>mente<\/strong>, sulla <strong>flessibilit\u00e0<\/strong> oltre che sul potenziamento muscolare. \u00c9 un tipo di yoga che si articola nel mantenimento prolungato delle Asana cos\u00ec da consentire al corpo di imparare, realizzando una <strong>maggiore intelligenza fisica<\/strong> e una <strong>profondo conoscenza della propria psiche<\/strong> e con una certa pratica del proprio inconscio.<br \/>\nQuel che si realizza con lo Hatha Yoga \u00e9 una <strong>grande elasticit\u00e0 mentale e fisica<\/strong> oltre che un miglioramento nel funzionamento degli organi interni e del tessuto muscolare.<\/p>\n","protected":false},"featured_media":1016,"template":"","meta":[],"yoast_head":"<!-- This site is optimized with the Yoast SEO plugin v14.0.4 - https:\/\/yoast.com\/wordpress\/plugins\/seo\/ -->\n<title>Hatha Yoga - Palextra4.0<\/title>\n<meta name=\"robots\" content=\"index, follow\" \/>\n<meta name=\"googlebot\" content=\"index, follow, max-snippet:-1, max-image-preview:large, max-video-preview:-1\" \/>\n<meta name=\"bingbot\" content=\"index, follow, max-snippet:-1, max-image-preview:large, max-video-preview:-1\" \/>\n<link rel=\"canonical\" href=\"https:\/\/palextrafoggia.com\/iomiallenoacasa\/corso\/hatha-yoga\/\" \/>\n<meta property=\"og:locale\" content=\"it_IT\" \/>\n<meta property=\"og:type\" content=\"article\" \/>\n<meta property=\"og:title\" content=\"Hatha Yoga - Palextra4.0\" \/>\n<meta property=\"og:description\" content=\"\u00c9 l&#039;approccio allo yoga che si concentra sulla distensione dei nervi, della mente, sulla flessibilit\u00e0 oltre che sul potenziamento muscolare. \u00c9 un tipo di yoga che si articola nel mantenimento prolungato delle Asana cos\u00ec da consentire al corpo di imparare, realizzando una maggiore intelligenza fisica e una profondo conoscenza della propria psiche e con una certa pratica del proprio inconscio. Quel che si realizza con lo Hatha Yoga \u00e9 una grande elasticit\u00e0 mentale e fisica oltre che un miglioramento nel funzionamento degli organi interni e del tessuto muscolare.\" \/>\n<meta property=\"og:url\" content=\"https:\/\/palextrafoggia.com\/iomiallenoacasa\/corso\/hatha-yoga\/\" \/>\n<meta property=\"og:site_name\" content=\"Palextra4.0\" \/>\n<meta property=\"article:publisher\" content=\"https:\/\/www.facebook.com\/palextra.foggia\/\" \/>\n<meta property=\"article:modified_time\" content=\"2020-07-14T17:13:42+00:00\" \/>\n<meta property=\"og:image\" content=\"https:\/\/palextrafoggia.com\/iomiallenoacasa\/wp-content\/uploads\/2020\/04\/Hathayoga.jpg\" \/>\n\t<meta property=\"og:image:width\" content=\"1080\" \/>\n\t<meta property=\"og:image:height\" content=\"1080\" \/>\n<meta name=\"twitter:card\" content=\"summary_large_image\" \/>\n<meta name=\"twitter:creator\" content=\"@palextrafg\" \/>\n<meta name=\"twitter:site\" content=\"@palextrafg\" \/>\n<script type=\"application\/ld+json\" class=\"yoast-schema-graph\">{\"@context\":\"https:\/\/schema.org\",\"@graph\":[{\"@type\":\"WebSite\",\"@id\":\"https:\/\/palextrafoggia.com\/iomiallenoacasa\/#website\",\"url\":\"https:\/\/palextrafoggia.com\/iomiallenoacasa\/\",\"name\":\"Palextra4.0\",\"description\":\"#iomiallenoacasa\",\"potentialAction\":[{\"@type\":\"SearchAction\",\"target\":\"https:\/\/palextrafoggia.com\/iomiallenoacasa\/?s={search_term_string}\",\"query-input\":\"required name=search_term_string\"}],\"inLanguage\":\"it-IT\"},{\"@type\":\"ImageObject\",\"@id\":\"https:\/\/palextrafoggia.com\/iomiallenoacasa\/corso\/hatha-yoga\/#primaryimage\",\"inLanguage\":\"it-IT\",\"url\":\"https:\/\/palextrafoggia.com\/iomiallenoacasa\/wp-content\/uploads\/2020\/04\/Hathayoga.jpg\",\"width\":1080,\"height\":1080},{\"@type\":\"WebPage\",\"@id\":\"https:\/\/palextrafoggia.com\/iomiallenoacasa\/corso\/hatha-yoga\/#webpage\",\"url\":\"https:\/\/palextrafoggia.com\/iomiallenoacasa\/corso\/hatha-yoga\/\",\"name\":\"Hatha Yoga - Palextra4.0\",\"isPartOf\":{\"@id\":\"https:\/\/palextrafoggia.com\/iomiallenoacasa\/#website\"},\"primaryImageOfPage\":{\"@id\":\"https:\/\/palextrafoggia.com\/iomiallenoacasa\/corso\/hatha-yoga\/#primaryimage\"},\"datePublished\":\"2020-04-22T17:28:10+00:00\",\"dateModified\":\"2020-07-14T17:13:42+00:00\",\"inLanguage\":\"it-IT\",\"potentialAction\":[{\"@type\":\"ReadAction\",\"target\":[\"https:\/\/palextrafoggia.com\/iomiallenoacasa\/corso\/hatha-yoga\/\"]}]}]}<\/script>\n<!-- \/ Yoast SEO plugin. -->","_links":{"self":[{"href":"https:\/\/palextrafoggia.com\/iomiallenoacasa\/wp-json\/wp\/v2\/product\/1026"}],"collection":[{"href":"https:\/\/palextrafoggia.com\/iomiallenoacasa\/wp-json\/wp\/v2\/product"}],"about":[{"href":"https:\/\/palextrafoggia.com\/iomiallenoacasa\/wp-json\/wp\/v2\/types\/product"}],"wp:featuredmedia":[{"embeddable":true,"href":"https:\/\/palextrafoggia.com\/iomiallenoacasa\/wp-json\/wp\/v2\/media\/1016"}],"wp:attachment":[{"href":"https:\/\/palextrafoggia.com\/iomiallenoacasa\/wp-json\/wp\/v2\/media?parent=1026"}],"curies":[{"name":"wp","href":"https:\/\/api.w.org\/{rel}","templated":true}]}}