{"id":3427,"date":"2020-10-08T17:04:57","date_gmt":"2020-10-08T15:04:57","guid":{"rendered":"https:\/\/palextrafoggia.com\/iomiallenoacasa\/?page_id=3427"},"modified":"2020-10-08T18:01:01","modified_gmt":"2020-10-08T16:01:01","slug":"la-nostra-struttura","status":"publish","type":"page","link":"https:\/\/palextrafoggia.com\/iomiallenoacasa\/la-nostra-struttura\/","title":{"rendered":"La nostra struttura"},"content":{"rendered":"\n<style type=\"text\/css\" data-created_by=\"avia_inline_auto\" id=\"style-css-av-78supw-dad8443e60238881a171fff0138bdd10\">\n.avia-section.av-78supw-dad8443e60238881a171fff0138bdd10 .av-parallax .av-parallax-inner{\nbackground-repeat:no-repeat;\nbackground-image:url(https:\/\/palextrafoggia.com\/iomiallenoacasa\/wp-content\/uploads\/2020\/10\/bn-DSC2331.jpg);\nbackground-position:50% 0%;\nbackground-attachment:scroll;\n}\n.avia-section.av-78supw-dad8443e60238881a171fff0138bdd10 .av-section-color-overlay{\nopacity:0.7;\nbackground-color:#000000;\n}\n<\/style>\n<div id='av_section_1'  class='avia-section av-78supw-dad8443e60238881a171fff0138bdd10 main_color avia-section-huge avia-no-border-styling  avia-builder-el-0  el_before_av_section  avia-builder-el-first  avia-full-stretch av-parallax-section avia-bg-style-parallax av-section-color-overlay-active container_wrap fullsize'  data-section-bg-repeat='stretch'><div class='av-parallax' data-avia-parallax-ratio='0.3' ><div class='av-parallax-inner main_color avia-full-stretch'><\/div><\/div><div class=\"av-section-color-overlay-wrap\"><div class=\"av-section-color-overlay\"><\/div><div class='container av-section-cont-open' ><main  role=\"main\" itemprop=\"mainContentOfPage\"  class='template-page content  av-content-full alpha units'><div class='post-entry post-entry-type-page post-entry-3427'><div class='entry-content-wrapper clearfix'>\n\n<style type=\"text\/css\" data-created_by=\"avia_inline_auto\" id=\"style-css-av-kg0ycmo9-1fd4aa35dc6b339069682ded7bb269cd\">\n#top .av-special-heading.av-kg0ycmo9-1fd4aa35dc6b339069682ded7bb269cd{\npadding-bottom:0;\ncolor:#ffffff;\nfont-size:90px;\n}\nbody .av-special-heading.av-kg0ycmo9-1fd4aa35dc6b339069682ded7bb269cd .av-special-heading-tag .heading-char{\nfont-size:25px;\n}\n#top #wrap_all .av-special-heading.av-kg0ycmo9-1fd4aa35dc6b339069682ded7bb269cd .av-special-heading-tag{\nfont-size:90px;\n}\n.av-special-heading.av-kg0ycmo9-1fd4aa35dc6b339069682ded7bb269cd .special-heading-inner-border{\nborder-color:#ffffff;\n}\n.av-special-heading.av-kg0ycmo9-1fd4aa35dc6b339069682ded7bb269cd .av-subheading{\nfont-size:25px;\n}\n\n@media only screen and (min-width: 480px) and (max-width: 767px){ \n#top #wrap_all .av-special-heading.av-kg0ycmo9-1fd4aa35dc6b339069682ded7bb269cd .av-special-heading-tag{\nfont-size:50px;\n}\n}\n\n@media only screen and (max-width: 479px){ \n#top #wrap_all .av-special-heading.av-kg0ycmo9-1fd4aa35dc6b339069682ded7bb269cd .av-special-heading-tag{\nfont-size:50px;\n}\n}\n<\/style>\n<div  class='av-special-heading av-kg0ycmo9-1fd4aa35dc6b339069682ded7bb269cd av-special-heading-h3 custom-color-heading blockquote modern-quote modern-centered  avia-builder-el-1  avia-builder-el-no-sibling  av-thin-font av-inherit-size'><h3 class='av-special-heading-tag'  itemprop=\"headline\"  ><span style=\"color: #d4bb15;\">Il centro<strong> Palextra<\/strong><\/span><\/h3><div class='av_custom_color av-subheading av-subheading_below'><p>Wellness &amp; Fitness<\/p>\n<\/div><div class=\"special-heading-border\"><div class=\"special-heading-inner-border\"><\/div><\/div><\/div>\n\n<\/div><\/div><\/main><!-- close content main element --><\/div><\/div><\/div>\n<style type=\"text\/css\" data-created_by=\"avia_inline_auto\" id=\"style-css-av-op9do-8f9c8acc6ccdbf41e647922fc6fee2cb\">\n.avia-section.av-op9do-8f9c8acc6ccdbf41e647922fc6fee2cb .av-extra-border-element .av-extra-border-inner{\nbackground-color:#111111;\n}\n<\/style>\n<div id='av_section_2'  class='avia-section av-op9do-8f9c8acc6ccdbf41e647922fc6fee2cb main_color avia-section-large avia-no-border-styling  avia-builder-el-2  el_after_av_section  el_before_av_section  avia-bg-style-fixed av-arrow-down-section container_wrap fullsize'  ><div class='container av-section-cont-open' ><div class='template-page content  av-content-full alpha units'><div class='post-entry post-entry-type-page post-entry-3427'><div class='entry-content-wrapper clearfix'>\n\n<style type=\"text\/css\" data-created_by=\"avia_inline_auto\" id=\"style-css-av-6qvbis-25a36a3dffe822ce31e2030a8fa5aae1\">\n.flex_column.av-6qvbis-25a36a3dffe822ce31e2030a8fa5aae1{\n-webkit-border-radius:0px 0px 0px 0px;\n-moz-border-radius:0px 0px 0px 0px;\nborder-radius:0px 0px 0px 0px;\npadding:0px 0px 0px 0px;\n}\n<\/style>\n<div class='flex_column av-6qvbis-25a36a3dffe822ce31e2030a8fa5aae1 av_one_half  avia-builder-el-3  el_before_av_one_half  avia-builder-el-first  first flex_column_div av-zero-column-padding '     ><div  class='avia-slideshow av-kg0wzv51-89ecdc62e46c83802c10d93b19717a37 avia-slideshow-featured av_slideshow avia-slide-slider  avia-builder-el-4  avia-builder-el-no-sibling  av-slideshow-ui av-control-default av-slideshow-manual av-loop-once av-loop-manual-endless av-default-height-applied avia-slideshow-1' data-slideshow-options=\"{&quot;animation&quot;:&quot;slide&quot;,&quot;autoplay&quot;:false,&quot;loop_autoplay&quot;:&quot;once&quot;,&quot;interval&quot;:5,&quot;loop_manual&quot;:&quot;manual-endless&quot;,&quot;autoplay_stopper&quot;:false,&quot;noNavigation&quot;:false,&quot;bg_slider&quot;:false,&quot;keep_padding&quot;:false,&quot;hoverpause&quot;:false,&quot;show_slide_delay&quot;:0}\"  itemprop=\"image\" itemscope=\"itemscope\" itemtype=\"https:\/\/schema.org\/ImageObject\" ><ul class='avia-slideshow-inner ' style='padding-bottom: 61.428571428571%;'><li  class='avia-slideshow-slide av-kg0wzv51-89ecdc62e46c83802c10d93b19717a37__0  slide-1 slide-odd'><div data-rel='slideshow-1' class='avia-slide-wrap '   ><img class=\"wp-image-3399 avia-img-lazy-loading-not-3399\"  src='https:\/\/palextrafoggia.com\/iomiallenoacasa\/wp-content\/uploads\/2020\/10\/1a-700x430.jpg' width='700' height='430' title='1a' alt=''  itemprop=\"thumbnailUrl\"   \/><\/div><\/li><li  class='avia-slideshow-slide av-kg0wzv51-89ecdc62e46c83802c10d93b19717a37__1  slide-2 slide-even'><div data-rel='slideshow-1' class='avia-slide-wrap '   ><img class=\"wp-image-3400 avia-img-lazy-loading-not-3400\"  src='https:\/\/palextrafoggia.com\/iomiallenoacasa\/wp-content\/uploads\/2020\/10\/1b-700x430.jpg' width='700' height='430' title='1b' alt=''  itemprop=\"thumbnailUrl\"   \/><\/div><\/li><li  class='avia-slideshow-slide av-kg0wzv51-89ecdc62e46c83802c10d93b19717a37__2  slide-3 slide-odd'><div data-rel='slideshow-1' class='avia-slide-wrap '   ><img class=\"wp-image-3401 avia-img-lazy-loading-not-3401\"  src='https:\/\/palextrafoggia.com\/iomiallenoacasa\/wp-content\/uploads\/2020\/10\/5-700x430.jpg' width='700' height='430' title='5' alt=''  itemprop=\"thumbnailUrl\"   \/><\/div><\/li><li  class='avia-slideshow-slide av-kg0wzv51-89ecdc62e46c83802c10d93b19717a37__3  slide-4 slide-even'><div data-rel='slideshow-1' class='avia-slide-wrap '   ><img class=\"wp-image-3402 avia-img-lazy-loading-not-3402\"  src='https:\/\/palextrafoggia.com\/iomiallenoacasa\/wp-content\/uploads\/2020\/10\/6-700x430.jpg' width='700' height='430' title='6' alt=''  itemprop=\"thumbnailUrl\"   \/><\/div><\/li><li  class='avia-slideshow-slide av-kg0wzv51-89ecdc62e46c83802c10d93b19717a37__4  slide-5 slide-odd'><div data-rel='slideshow-1' class='avia-slide-wrap '   ><img class=\"wp-image-3403 avia-img-lazy-loading-not-3403\"  src='https:\/\/palextrafoggia.com\/iomiallenoacasa\/wp-content\/uploads\/2020\/10\/7-700x430.jpg' width='700' height='430' title='7' alt=''  itemprop=\"thumbnailUrl\"   \/><\/div><\/li><\/ul><div class='avia-slideshow-arrows avia-slideshow-controls' ><a href='#prev' class='prev-slide ' aria-hidden='true' data-av_icon='\ue87c' data-av_iconfont='entypo-fontello'  tabindex='-1'>Prec<\/a><a href='#next' class='next-slide ' aria-hidden='true' data-av_icon='\ue87d' data-av_iconfont='entypo-fontello'  tabindex='-1'>Succ<\/a><\/div><div class='avia-slideshow-dots avia-slideshow-controls'><a href='#1' class='goto-slide active' >1<\/a><a href='#2' class='goto-slide ' >2<\/a><a href='#3' class='goto-slide ' >3<\/a><a href='#4' class='goto-slide ' >4<\/a><a href='#5' class='goto-slide ' >5<\/a><\/div><\/div><\/div>\n<style type=\"text\/css\" data-created_by=\"avia_inline_auto\" id=\"style-css-av-6djq38-8e79762d84e44ead8ab20b170aea7e6c\">\n.flex_column.av-6djq38-8e79762d84e44ead8ab20b170aea7e6c{\n-webkit-border-radius:0px 0px 0px 0px;\n-moz-border-radius:0px 0px 0px 0px;\nborder-radius:0px 0px 0px 0px;\npadding:0px 0px 0px 0px;\n}\n<\/style>\n<div class='flex_column av-6djq38-8e79762d84e44ead8ab20b170aea7e6c av_one_half  avia-builder-el-5  el_after_av_one_half  avia-builder-el-last  flex_column_div '     ><section  class='av_textblock_section av-679slo-291da0f6222e36356f6f22b7359fa375'  itemscope=\"itemscope\" itemtype=\"https:\/\/schema.org\/CreativeWork\" ><div class='avia_textblock'  itemprop=\"text\" ><h3 class=\"lead-24 pi-weight-300\"><span style=\"color: #d4bb15; font-size: 30px; line-height: 1.2;\">Il marchio Palextra , \u00e8 ormai da anni, sinonimo di un servizio di qualit\u00e0 nell&#8217;ambito del Fitness della nostra citt\u00e0.<\/span><\/h3>\n<p>E&#8217; un servizio basato su 3 fattori principali.<\/p>\n<p>Il primo \u00e8 sicuramente rappresentato dalla struttura stessa. Il centro \u00e8 distribuito su di una superficie di 600 mq in locali a piano terra, totalmente climatizzati con ampie superfici vetrate, che contribuiscono in modo determinante a rendere l&#8217;ambiente non solo pi\u00f9 luminoso, ma anche pi\u00f9 piacevole e rilassante.<\/p>\n<p>Il secondo fattore determinante \u00e8 rappresentato dall&#8217;alto livello di professionalit\u00e0 di tutti gli insegnanti operanti nel centro Palextra.<\/p>\n<p>La terza caratteristica del centro Palextra \u00e8 rappresentata dall&#8217;atmosfera che si percepisce appena si entra nel centro. Un&#8217;atmosfera fatta di cortesia, disponibilit\u00e0 e famigliarit\u00e0 nel quale si svolgono tutte le attivit\u00e0 proposte da Palextra.<\/p>\n<\/div><\/section><\/div>\n\n<\/div><\/div><\/div><!-- close content main div --><\/div><div class='av-extra-border-element border-extra-arrow-down'><div class='av-extra-border-outer'><div class='av-extra-border-inner'><\/div><\/div><\/div><\/div>\n<style type=\"text\/css\" data-created_by=\"avia_inline_auto\" id=\"style-css-av-42rnok-385f0e7068e8a0c35164c33c69902907\">\n.avia-section.av-42rnok-385f0e7068e8a0c35164c33c69902907{\nbackground-color:#d4bb15;\nbackground-image:unset;\n}\n.avia-section.av-42rnok-385f0e7068e8a0c35164c33c69902907 .av-extra-border-element .av-extra-border-inner{\nbackground-color:#d4bb15;\n}\n<\/style>\n<div id='av_section_3'  class='avia-section av-42rnok-385f0e7068e8a0c35164c33c69902907 alternate_color avia-section-large avia-no-border-styling  avia-builder-el-7  el_after_av_section  avia-builder-el-last  avia-bg-style-fixed av-arrow-down-section container_wrap fullsize'  ><div class='container av-section-cont-open' ><div class='template-page content  av-content-full alpha units'><div class='post-entry post-entry-type-page post-entry-3427'><div class='entry-content-wrapper clearfix'>\n\n<style type=\"text\/css\" data-created_by=\"avia_inline_auto\" id=\"style-css-av-3vrdw4-d9fa92bd2b92b08bc082a9781fc25d2a\">\n.flex_column.av-3vrdw4-d9fa92bd2b92b08bc082a9781fc25d2a{\n-webkit-border-radius:0px 0px 0px 0px;\n-moz-border-radius:0px 0px 0px 0px;\nborder-radius:0px 0px 0px 0px;\npadding:0px 0px 0px 0px;\n}\n<\/style>\n<div class='flex_column av-3vrdw4-d9fa92bd2b92b08bc082a9781fc25d2a av_one_full  avia-builder-el-8  avia-builder-el-no-sibling  first flex_column_div av-zero-column-padding '     ><p>\n<style type=\"text\/css\" data-created_by=\"avia_inline_auto\" id=\"style-css-av-2de283-97d57b6a2691089f02a5718131a93fbe\">\n#top .av-special-heading.av-2de283-97d57b6a2691089f02a5718131a93fbe{\npadding-bottom:0;\ncolor:#000000;\nfont-size:50px;\n}\nbody .av-special-heading.av-2de283-97d57b6a2691089f02a5718131a93fbe .av-special-heading-tag .heading-char{\nfont-size:25px;\n}\n#top #wrap_all .av-special-heading.av-2de283-97d57b6a2691089f02a5718131a93fbe .av-special-heading-tag{\nfont-size:50px;\n}\n.av-special-heading.av-2de283-97d57b6a2691089f02a5718131a93fbe .special-heading-inner-border{\nborder-color:#000000;\n}\n.av-special-heading.av-2de283-97d57b6a2691089f02a5718131a93fbe .av-subheading{\nfont-size:15px;\n}\n\n@media only screen and (min-width: 480px) and (max-width: 767px){ \n#top #wrap_all .av-special-heading.av-2de283-97d57b6a2691089f02a5718131a93fbe .av-special-heading-tag{\nfont-size:0.8em;\n}\n}\n\n@media only screen and (max-width: 479px){ \n#top #wrap_all .av-special-heading.av-2de283-97d57b6a2691089f02a5718131a93fbe .av-special-heading-tag{\nfont-size:0.8em;\n}\n}\n<\/style>\n<div  class='av-special-heading av-2de283-97d57b6a2691089f02a5718131a93fbe av-special-heading-h3 custom-color-heading blockquote modern-quote modern-centered  avia-builder-el-9  el_before_av_partner  avia-builder-el-first  av-inherit-size'><h3 class='av-special-heading-tag'  itemprop=\"headline\"  >I nostri partner<\/h3><div class=\"special-heading-border\"><div class=\"special-heading-inner-border\"><\/div><\/div><\/div><br \/>\n\n<style type=\"text\/css\" data-created_by=\"avia_inline_auto\" id=\"style-css-av-kg0ygfox-e911ba18479fac551d5187aa7c19d9cb\">\n.avia-logo-element-container.av-kg0ygfox-e911ba18479fac551d5187aa7c19d9cb .av-partner-fake-img{\nbackground-size:cover;\n}\n<\/style>\n<div  class='avia-logo-element-container av-kg0ygfox-e911ba18479fac551d5187aa7c19d9cb avia-logo-grid avia-content-slider avia-smallarrow-slider avia-content-grid-active noHover avia-content-slider-even  avia-builder-el-10  el_after_av_heading  avia-builder-el-last  avia-content-slider1' ><div class='avia-smallarrow-slider-heading  no-logo-slider-heading '><div class='new-special-heading'>&nbsp;<\/div><\/div><div class=\"avia-content-slider-inner\"><div class=\"slide-entry-wrap\"><div  class='slide-entry av-d6jen7-8e6a4f10b633d0b7b133eabffa7f9831 flex_column no_margin av_one_fourth real-thumbnail post-entry slide-entry-overview slide-loop-1 slide-parity-odd  first'><a href=\"https:\/\/www.technogym.com\/\" data-rel='slide-1' class='slide-image' title='' target=\"_blank\" rel=\"noopener noreferrer\"><span class='av-partner-fake-img' style='padding-bottom:69.821428571429%; background-image:url(https:\/\/palextrafoggia.com\/iomiallenoacasa\/wp-content\/uploads\/2020\/10\/technogym.png);'><\/span><\/a><\/div><div  class='slide-entry av-12agk3-6727d4f0197df473a9e4542cdcbb7722 flex_column no_margin av_one_fourth real-thumbnail post-entry slide-entry-overview slide-loop-2 slide-parity-even  '><a href=\"https:\/\/www.technogym.com\/it\/products\/group-activities\/group-cycle.html\" data-rel='slide-1' class='slide-image' title='' target=\"_blank\" rel=\"noopener noreferrer\"><span class='av-partner-fake-img' style='padding-bottom:69.821428571429%; background-image:url(https:\/\/palextrafoggia.com\/iomiallenoacasa\/wp-content\/uploads\/2020\/10\/group-cycle.png);'><\/span><\/a><\/div><div  class='slide-entry av-8segnn-314fb180dbd7aa740826bb7be7eb07cb flex_column no_margin av_one_fourth real-thumbnail post-entry slide-entry-overview slide-loop-3 slide-parity-odd  '><a href=\"https:\/\/www.trxtraining.it\/\" data-rel='slide-1' class='slide-image' title='' target=\"_blank\" rel=\"noopener noreferrer\"><span class='av-partner-fake-img' style='padding-bottom:69.821428571429%; background-image:url(https:\/\/palextrafoggia.com\/iomiallenoacasa\/wp-content\/uploads\/2020\/10\/trx.png);'><\/span><\/a><\/div><div  class='slide-entry av-88j0hf-6e90aa9b1dc982f815bd901220f543a0 flex_column no_margin av_one_fourth real-thumbnail post-entry slide-entry-overview slide-loop-4 slide-parity-even  '><a href=\"http:\/\/www.myback.it\/\" data-rel='slide-1' class='slide-image' title='' target=\"_blank\" rel=\"noopener noreferrer\"><span class='av-partner-fake-img' style='padding-bottom:69.821428571429%; background-image:url(https:\/\/palextrafoggia.com\/iomiallenoacasa\/wp-content\/uploads\/2020\/10\/myback.png);'><\/span><\/a><\/div><\/div><div class=\"slide-entry-wrap\"><div  class='slide-entry av-68qkcz-f918964cc50565b479f0d7b735c09c44 flex_column no_margin av_one_fourth real-thumbnail post-entry slide-entry-overview slide-loop-5 slide-parity-odd  first'><a href=\"http:\/\/www.backschool.it\/\" data-rel='slide-1' class='slide-image' title='' target=\"_blank\" rel=\"noopener noreferrer\"><span class='av-partner-fake-img' style='padding-bottom:69.821428571429%; background-image:url(https:\/\/palextrafoggia.com\/iomiallenoacasa\/wp-content\/uploads\/2020\/10\/back_school.png);'><\/span><\/a><\/div><div  class='slide-entry av-3zyh03-73c1e20f9d919af3cd91ab910c5eec1d flex_column no_margin av_one_fourth real-thumbnail post-entry slide-entry-overview slide-loop-6 slide-parity-even  '><a href=\"http:\/\/www.spikenergy.com\/\" data-rel='slide-1' class='slide-image' title='' target=\"_blank\" rel=\"noopener noreferrer\"><span class='av-partner-fake-img' style='padding-bottom:69.821428571429%; background-image:url(https:\/\/palextrafoggia.com\/iomiallenoacasa\/wp-content\/uploads\/2020\/10\/spikenergy.png);'><\/span><\/a><\/div><div  class='slide-entry av-27ddar-ea8ba324be6572bacaeee1f88147352c flex_column no_margin av_one_fourth real-thumbnail post-entry slide-entry-overview slide-loop-7 slide-parity-odd post-entry-last '><a href=\"https:\/\/www.wellbacksystem.com\/\" data-rel='slide-1' class='slide-image' title='' target=\"_blank\" rel=\"noopener noreferrer\"><span class='av-partner-fake-img' style='padding-bottom:69.821428571429%; background-image:url(https:\/\/palextrafoggia.com\/iomiallenoacasa\/wp-content\/uploads\/2020\/10\/wbs.png);'><\/span><\/a><\/div><\/div><\/div><\/div><\/p><\/div>\n\n","protected":false},"excerpt":{"rendered":"","protected":false},"author":1,"featured_media":0,"parent":0,"menu_order":2,"comment_status":"closed","ping_status":"closed","template":"","meta":[],"yoast_head":"<!-- This site is optimized with the Yoast SEO plugin v14.0.4 - https:\/\/yoast.com\/wordpress\/plugins\/seo\/ -->\n<title>La nostra struttura - Palextra4.0<\/title>\n<meta name=\"description\" content=\"#iomiallenoacasa \u00e8 il progetto di Palextra4.0 nato per chi vuole svolgere percorsi di allenamento professionale a casa. Scopri i pacchetti di allenamento.\" \/>\n<meta name=\"robots\" content=\"index, follow\" \/>\n<meta name=\"googlebot\" content=\"index, follow, max-snippet:-1, max-image-preview:large, max-video-preview:-1\" \/>\n<meta name=\"bingbot\" content=\"index, follow, max-snippet:-1, max-image-preview:large, max-video-preview:-1\" \/>\n<link rel=\"canonical\" href=\"https:\/\/palextrafoggia.com\/iomiallenoacasa\/la-nostra-struttura\/\" \/>\n<meta property=\"og:locale\" content=\"it_IT\" \/>\n<meta property=\"og:type\" content=\"article\" \/>\n<meta property=\"og:title\" content=\"La nostra struttura - Palextra4.0\" \/>\n<meta property=\"og:description\" content=\"#iomiallenoacasa \u00e8 il progetto di Palextra4.0 nato per chi vuole svolgere percorsi di allenamento professionale a casa. Scopri i pacchetti di allenamento.\" \/>\n<meta property=\"og:url\" content=\"https:\/\/palextrafoggia.com\/iomiallenoacasa\/la-nostra-struttura\/\" \/>\n<meta property=\"og:site_name\" content=\"Palextra4.0\" \/>\n<meta property=\"article:publisher\" content=\"https:\/\/www.facebook.com\/palextra.foggia\/\" \/>\n<meta property=\"article:modified_time\" content=\"2020-10-08T16:01:01+00:00\" \/>\n<meta name=\"twitter:card\" content=\"summary_large_image\" \/>\n<meta name=\"twitter:creator\" content=\"@palextrafg\" \/>\n<meta name=\"twitter:site\" content=\"@palextrafg\" \/>\n<script type=\"application\/ld+json\" class=\"yoast-schema-graph\">{\"@context\":\"https:\/\/schema.org\",\"@graph\":[{\"@type\":\"WebSite\",\"@id\":\"https:\/\/palextrafoggia.com\/iomiallenoacasa\/#website\",\"url\":\"https:\/\/palextrafoggia.com\/iomiallenoacasa\/\",\"name\":\"Palextra4.0\",\"description\":\"#iomiallenoacasa\",\"potentialAction\":[{\"@type\":\"SearchAction\",\"target\":\"https:\/\/palextrafoggia.com\/iomiallenoacasa\/?s={search_term_string}\",\"query-input\":\"required name=search_term_string\"}],\"inLanguage\":\"it-IT\"},{\"@type\":\"WebPage\",\"@id\":\"https:\/\/palextrafoggia.com\/iomiallenoacasa\/la-nostra-struttura\/#webpage\",\"url\":\"https:\/\/palextrafoggia.com\/iomiallenoacasa\/la-nostra-struttura\/\",\"name\":\"La nostra struttura - Palextra4.0\",\"isPartOf\":{\"@id\":\"https:\/\/palextrafoggia.com\/iomiallenoacasa\/#website\"},\"datePublished\":\"2020-10-08T15:04:57+00:00\",\"dateModified\":\"2020-10-08T16:01:01+00:00\",\"description\":\"#iomiallenoacasa \\u00e8 il progetto di Palextra4.0 nato per chi vuole svolgere percorsi di allenamento professionale a casa. Scopri i pacchetti di allenamento.\",\"inLanguage\":\"it-IT\",\"potentialAction\":[{\"@type\":\"ReadAction\",\"target\":[\"https:\/\/palextrafoggia.com\/iomiallenoacasa\/la-nostra-struttura\/\"]}]}]}<\/script>\n<!-- \/ Yoast SEO plugin. -->","_links":{"self":[{"href":"https:\/\/palextrafoggia.com\/iomiallenoacasa\/wp-json\/wp\/v2\/pages\/3427"}],"collection":[{"href":"https:\/\/palextrafoggia.com\/iomiallenoacasa\/wp-json\/wp\/v2\/pages"}],"about":[{"href":"https:\/\/palextrafoggia.com\/iomiallenoacasa\/wp-json\/wp\/v2\/types\/page"}],"author":[{"embeddable":true,"href":"https:\/\/palextrafoggia.com\/iomiallenoacasa\/wp-json\/wp\/v2\/users\/1"}],"replies":[{"embeddable":true,"href":"https:\/\/palextrafoggia.com\/iomiallenoacasa\/wp-json\/wp\/v2\/comments?post=3427"}],"version-history":[{"count":22,"href":"https:\/\/palextrafoggia.com\/iomiallenoacasa\/wp-json\/wp\/v2\/pages\/3427\/revisions"}],"predecessor-version":[{"id":3505,"href":"https:\/\/palextrafoggia.com\/iomiallenoacasa\/wp-json\/wp\/v2\/pages\/3427\/revisions\/3505"}],"wp:attachment":[{"href":"https:\/\/palextrafoggia.com\/iomiallenoacasa\/wp-json\/wp\/v2\/media?parent=3427"}],"curies":[{"name":"wp","href":"https:\/\/api.w.org\/{rel}","templated":true}]}}